{"id":199,"date":"2020-09-16T10:09:17","date_gmt":"2020-09-16T10:09:17","guid":{"rendered":"http:\/\/www.kurandakidualar.com\/?page_id=199"},"modified":"2020-09-22T08:10:21","modified_gmt":"2020-09-22T08:10:21","slug":"allah-konulu-ayetler","status":"publish","type":"page","link":"https:\/\/www.kurandakidualar.com\/?page_id=199","title":{"rendered":"Allah Konulu Ayetler"},"content":{"rendered":"\n<div class=\"wp-block-columns is-layout-flex wp-container-core-columns-is-layout-9d6595d7 wp-block-columns-is-layout-flex\">\n<div class=\"wp-block-column is-layout-flow wp-block-column-is-layout-flow\">\n<p>ALLAH\u2019TAN BA\u015eKA TANRI YOKTUR. O T\u00dcM EKS\u0130KL\u0130KLERDEN UZAKTIR.<\/p>\n\n\n\n<p>255- Allah, O\u2019ndan ba\u015fka tanr\u0131 yoktur. O Canl\u0131d\u0131r, Kudretin Kayna\u011f\u0131d\u0131r. O, kendisinden ge\u00e7mez ve O\u2019nu uyku tutmaz. G\u00f6klerde ve yery\u00fcz\u00fcnde ne varsa hepsi O\u2019nundur. \u0130zni olmaks\u0131z\u0131n O\u2019nun kat\u0131nda kim arac\u0131l\u0131k edebilir? O, \u00f6nlerindekini ve arkalar\u0131ndakini bilir. \u0130stedi\u011fi kadar\u0131n\u0131n d\u0131\u015f\u0131nda O\u2019nun bilgisinden hi\u00e7bir\u015feyi kavrayamazlar. O\u2019nun y\u00f6netimi g\u00f6kleri ve yery\u00fcz\u00fcn\u00fc ku\u015fatm\u0131\u015ft\u0131r. Onlar\u0131n korunmas\u0131 O\u2019na zor gelmez. O, pek Y\u00fccedir, pek B\u00fcy\u00fckt\u00fcr.<\/p>\n\n\n\n<p>2- Bakara ( \u0130nek ) Suresi ( Ayetel K\u00fcrsi)<\/p>\n\n\n\n<p>70- O, Allah\u2019t\u0131r. O\u2019ndan ba\u015fka tanr\u0131 yoktur. \u0130lkte de, sonda da \u00f6vg\u00fcler O\u2019nad\u0131r. H\u00fck\u00fcm O\u2019na aittir ve O\u2019na d\u00f6nd\u00fcr\u00fcleceksiniz.<\/p>\n\n\n\n<p>28- Kasas ( Tarihi vakalar) Suresi<\/p>\n\n\n\n<p>40- Allah sizi yaratt\u0131, sonra sizi r\u0131z\u0131kland\u0131r\u0131r, sonra sizi \u00f6ld\u00fcr\u00fcr, sonra sizi diriltir. Ortak ko\u015ftuklar\u0131n\u0131zdan hangisi bunlardan birisini yapabilir? O, Y\u00fccedir ve ortak ko\u015ftuklar\u0131 ile alakas\u0131z\u0131d\u0131r.<\/p>\n\n\n\n<p>30- Rum ( Romal\u0131lar) Suresi<\/p>\n\n\n\n<p>13- Allah! O\u2019ndan ba\u015fka tanr\u0131 yoktur. \u0130nananlar yaln\u0131zca Allah\u2019a g\u00fcvenip dayan\u0131rlar.<\/p>\n\n\n\n<p>64- Te\u011fab\u00fcn (Aldan\u0131\u015f) Suresi<\/p>\n\n\n\n<p>9- O, do\u011funun ve bat\u0131n\u0131n Rabbidir. O\u2019ndan ba\u015fka tanr\u0131 yoktur. O\u2019na dayan!<\/p>\n\n\n\n<p>73- M\u00fczemmil ( B\u00fcr\u00fcnen) Suresi<\/p>\n\n\n\n<p>ALLAH HER \u015eEY\u0130 YARATAN VE HER\u015eEYE G\u00dcC\u00dc YETEND\u0130R<\/p>\n\n\n\n<p>116- G\u00f6klerin ve yery\u00fcz\u00fcn\u00fcn egemenli\u011fi Allah\u2019\u0131nd\u0131r. O diriltir, O \u00f6ld\u00fcr\u00fcr.Sizin i\u00e7in Allah\u2019tan ba\u015fka dost da, yard\u0131mc\u0131 da yoktur.<\/p>\n\n\n\n<p>9- Tevbe ( T\u00f6vbe) Suresi<\/p>\n\n\n\n<p>66- O\u2019dur size hayat veren. Sonra sizi \u00f6ld\u00fcr\u00fcyor ve sonra sizi diriltecektir.<br>Ger\u00e7ekten de insan \u00e7ok nank\u00f6rd\u00fcr.<\/p>\n\n\n\n<p>22- Hac Suresi<\/p>\n\n\n\n<p>27- E\u011fer yery\u00fcz\u00fcndeki a\u011fa\u00e7lar\u0131n hepsi kalem olsa ve deniz de arkas\u0131ndan yedi deniz daha eklenerek kullan\u0131lsa; yine de Allah\u2019\u0131n kelimeleri t\u00fckenmez.<br>Allah \u00dcst\u00fcnd\u00fcr, Bilgedir.<\/p>\n\n\n\n<p>31- Lokman Suresi<\/p>\n\n\n\n<p>82- Bir \u015feyi diledi\u011fi zaman, ona sadece \u201cOl\u201d diye emreder ve o da hemen<br>oluverir.<\/p>\n\n\n\n<p>36- Yasin Suresi<\/p>\n\n\n\n<p>38- G\u00f6kleri, yery\u00fcz\u00fcn\u00fc ve aralar\u0131nda bulunanlar\u0131 e\u011flence i\u00e7in yaratmad\u0131k.<br>39- Biz onlar\u0131 ancak ger\u00e7ek olarak yaratt\u0131k. Ama onlar\u0131n \u00e7o\u011funlu\u011fu bilmemektedir.<\/p>\n\n\n\n<p>44- Duhan ( Duman) Suresi<\/p>\n\n\n\n<p>29- G\u00f6klerde ve yery\u00fcz\u00fcnde olanlar\u0131n hepsi O\u2019ndan isterler. O, her g\u00fcn bir i\u015f ve olu\u015ftad\u0131r.<\/p>\n\n\n\n<p>55- Rahman ( Merhametli) Suresi<\/p>\n\n\n\n<p>ALLAH \u0130NANANLARIN DOSTU VE TEK G\u00dcVENCES\u0130D\u0130R<\/p>\n\n\n\n<p>173- Onlar ki insanlar kendilerine: \u201c Size kar\u015f\u0131 insanlar topland\u0131lar, onlardan korkun.\u201d dediklerinde, bu onlar\u0131n inanc\u0131n\u0131 artt\u0131r\u0131r ve \u015f\u00f6yle derler: \u201cAllah bize yeter, O ne g\u00fczel dayanakt\u0131r.\u201d<\/p>\n\n\n\n<p>3- Ali \u0130mran ( \u0130mran Ailesi ) Suresi<\/p>\n\n\n\n<p>45- Allah, sizin d\u00fc\u015fmanlar\u0131n\u0131z\u0131 daha iyi bilendir. Dost olarak Allah yeter. Yard\u0131mc\u0131 olarak da Allah yeter.<\/p>\n\n\n\n<p>4- Nisa ( Kad\u0131nlar ) Suresi<\/p>\n\n\n\n<p>36- Allah kuluna yetmez mi? Seni O\u2019nun d\u0131\u015f\u0131ndakilerle korkutuyorlar. Allah kimi sapt\u0131r\u0131rsa art\u0131k ona bir yol g\u00f6steren bulunmaz.<\/p>\n\n\n\n<p>39- Z\u00fcmer (Y\u0131\u011f\u0131nlar) Suresi<\/p>\n\n\n\n<p>19- \u015e\u00fcphesiz onlar Allah\u2019tan gelecek hi\u00e7bir \u015feyi senden uzakla\u015ft\u0131ramazlar. \u015e\u00fcphesiz zalimler birbirlerinin dostlar\u0131d\u0131r, Allah ise sak\u0131nanlar\u0131n dostudur.<\/p>\n\n\n\n<p>45- Casiye ( Diz \u00c7\u00f6k\u00fc\u015f) Suresi<\/p>\n\n\n\n<p>ALLAH DUALARI VE T\u00d6VBELER\u0130 KABUL EDEND\u0130R<\/p>\n\n\n\n<p>186- Kullar\u0131m, Beni sana soracak olurlarsa, ger\u00e7ekten de Ben pek yak\u0131n\u0131m. Bana dua etti\u011fi zaman dua edenin \u00e7a\u011fr\u0131s\u0131na cevap veririm. \u00d6yleyse onlar da Bana kar\u015f\u0131l\u0131k versinler ve Bana inans\u0131nlar ki do\u011fruya eri\u015fsinler.<\/p>\n\n\n\n<p>2- Bakara ( \u0130nek) Suresi<\/p>\n\n\n\n<p>17- Allah\u2019\u0131n kabul\u00fcn\u00fc \u00fczerine ald\u0131\u011f\u0131 t\u00f6vbe; bilgisizlikle k\u00f6t\u00fcl\u00fck i\u015fleyip de hemen ard\u0131ndan t\u00f6vbe edenlerinkidir. \u0130\u015fte Allah b\u00f6ylelerinin t\u00f6vbesini kabul eder. Allah Bilendir, Bilgedir.<\/p>\n\n\n\n<p>4- Nisa ( Kad\u0131nlar) Suresi<\/p>\n\n\n\n<p>106- Allah\u2019tan af dile. Allah Affedicidir, \u015eefkatlidir.<\/p>\n\n\n\n<p>4- Nisa ( Kad\u0131nlar) Suresi<\/p>\n\n\n\n<p>25- Rabbiniz i\u00e7inizdekileri daha iyi bilir. E\u011fer siz iyilerden olursan\u0131z, elbette O kendisine y\u00f6nelenleri Ba\u011f\u0131\u015flay\u0131c\u0131d\u0131r.<\/p>\n\n\n\n<p>17- \u0130sra ( Gece Y\u00fcr\u00fcy\u00fc\u015f\u00fc) Suresi<\/p>\n\n\n\n<p>60- Rabbiniz der ki: \u201c Bana dua edin, size cevap vereyim. B\u00fcy\u00fcklenerek bana kulluktan ka\u00e7\u0131nanlar a\u015fa\u011f\u0131lanarak cehenneme girecekleridir.<\/p>\n\n\n\n<p>40- M\u00fcmin ( \u0130nanan) Suresi<\/p>\n\n\n\n<p>ALLAH\u2019IN VAAD\u0130 GER\u00c7EKT\u0130R, O \u0130NSANLARA ZORLUK \u00c7IKARMAMI\u015eTIR<\/p>\n\n\n\n<p>28- Allah size hafiflik getirmek ister. \u00c7\u00fcnk\u00fc insan zay\u0131f yarat\u0131lm\u0131\u015ft\u0131r.<\/p>\n\n\n\n<p>4- Nisa ( Kad\u0131nlar) Suresi<\/p>\n\n\n\n<p>122- \u0130nan\u0131p da iyi i\u015fler yapanlar\u0131 altlar\u0131ndan \u0131rmaklar akan cennetlere sokaca\u011f\u0131z. Orada sonsuza dek kalacaklard\u0131r. Bu Allah\u2019\u0131n ger\u00e7ek olan vaadidir. Allah\u2019tan daha do\u011fru s\u00f6zl\u00fc kim olabilir?<\/p>\n\n\n\n<p>4- Nisa ( Kad\u0131nlar) Suresi<\/p>\n\n\n\n<p>6- \u2026..Allah size zorluk \u00e7\u0131karmak istemez, ancak sizi temizlemek ve \u00fczerinizdeki nimetini tamamlamak ister. Olur ki \u015f\u00fckredersiniz.<\/p>\n\n\n\n<p>5- Maide ( Ziyefet) Suresi<\/p>\n\n\n\n<p>62- Hi\u00e7 kimseye kapasitesinden fazlas\u0131n\u0131 y\u00fcklemeyiz. Kat\u0131m\u0131zda ger\u00e7e\u011fi s\u00f6yleyen bir kitap vard\u0131r. Hi\u00e7 kimse haks\u0131zl\u0131\u011fa u\u011frat\u0131lmayacakt\u0131r.<\/p>\n\n\n\n<p>23- M\u00fcminun ( \u0130nananlar ) Suresi<\/p>\n\n\n\n<p>55- \u00d6yleyse sabret. \u015e\u00fcphesiz Allah\u2019\u0131n vaadi ger\u00e7ektir. G\u00fcnah\u0131n i\u00e7in af dile. Ak\u015fam ve sabah Rabbini \u00f6verek y\u00fccelt.<\/p>\n\n\n\n<p>40- M\u00fcmin ( \u0130nanan) Suresi<\/p>\n<\/div>\n\n\n\n<div class=\"wp-block-column is-layout-flow wp-block-column-is-layout-flow\">\n<figure class=\"wp-block-image size-large\"><img loading=\"lazy\" decoding=\"async\" width=\"576\" height=\"1024\" src=\"https:\/\/www.kurandakidualar.com\/wp-content\/uploads\/2020\/09\/WhatsApp-Image-2020-09-21-at-23.26.57-1-576x1024.jpeg\" alt=\"\" class=\"wp-image-398\" srcset=\"https:\/\/www.kurandakidualar.com\/wp-content\/uploads\/2020\/09\/WhatsApp-Image-2020-09-21-at-23.26.57-1-576x1024.jpeg 576w, https:\/\/www.kurandakidualar.com\/wp-content\/uploads\/2020\/09\/WhatsApp-Image-2020-09-21-at-23.26.57-1-169x300.jpeg 169w, https:\/\/www.kurandakidualar.com\/wp-content\/uploads\/2020\/09\/WhatsApp-Image-2020-09-21-at-23.26.57-1-768x1365.jpeg 768w, https:\/\/www.kurandakidualar.com\/wp-content\/uploads\/2020\/09\/WhatsApp-Image-2020-09-21-at-23.26.57-1-864x1536.jpeg 864w, https:\/\/www.kurandakidualar.com\/wp-content\/uploads\/2020\/09\/WhatsApp-Image-2020-09-21-at-23.26.57-1.jpeg 900w\" sizes=\"auto, (max-width: 576px) 100vw, 576px\" \/><\/figure>\n<\/div>\n<\/div>\n","protected":false},"excerpt":{"rendered":"<p>ALLAH\u2019TAN BA\u015eKA TANRI YOKTUR. O T\u00dcM EKS\u0130KL\u0130KLERDEN UZAKTIR. 255- Allah, O\u2019ndan ba\u015fka tanr\u0131 yoktur. O Canl\u0131d\u0131r, Kudretin Kayna\u011f\u0131d\u0131r. O, kendisinden ge\u00e7mez ve O\u2019nu uyku tutmaz. G\u00f6klerde ve yery\u00fcz\u00fcnde ne varsa hepsi O\u2019nundur. \u0130zni olmaks\u0131z\u0131n O\u2019nun kat\u0131nda kim arac\u0131l\u0131k edebilir? O, \u00f6nlerindekini ve arkalar\u0131ndakini bilir. \u0130stedi\u011fi kadar\u0131n\u0131n d\u0131\u015f\u0131nda O\u2019nun bilgisinden hi\u00e7bir\u015feyi kavrayamazlar. O\u2019nun y\u00f6netimi g\u00f6kleri ve [&hellip;]<\/p>\n","protected":false},"author":1,"featured_media":0,"parent":0,"menu_order":0,"comment_status":"closed","ping_status":"closed","template":"","meta":{"footnotes":""},"class_list":["post-199","page","type-page","status-publish","hentry"],"_links":{"self":[{"href":"https:\/\/www.kurandakidualar.com\/index.php?rest_route=\/wp\/v2\/pages\/199","targetHints":{"allow":["GET"]}}],"collection":[{"href":"https:\/\/www.kurandakidualar.com\/index.php?rest_route=\/wp\/v2\/pages"}],"about":[{"href":"https:\/\/www.kurandakidualar.com\/index.php?rest_route=\/wp\/v2\/types\/page"}],"author":[{"embeddable":true,"href":"https:\/\/www.kurandakidualar.com\/index.php?rest_route=\/wp\/v2\/users\/1"}],"replies":[{"embeddable":true,"href":"https:\/\/www.kurandakidualar.com\/index.php?rest_route=%2Fwp%2Fv2%2Fcomments&post=199"}],"version-history":[{"count":4,"href":"https:\/\/www.kurandakidualar.com\/index.php?rest_route=\/wp\/v2\/pages\/199\/revisions"}],"predecessor-version":[{"id":401,"href":"https:\/\/www.kurandakidualar.com\/index.php?rest_route=\/wp\/v2\/pages\/199\/revisions\/401"}],"wp:attachment":[{"href":"https:\/\/www.kurandakidualar.com\/index.php?rest_route=%2Fwp%2Fv2%2Fmedia&parent=199"}],"curies":[{"name":"wp","href":"https:\/\/api.w.org\/{rel}","templated":true}]}}